3*o = 177. What is the greatest common factor of 20449 and q?
169
Suppose a - 4*z = -z + 11, 4*a = 4*z + 20. Suppose -32 = d - 5*p, -2*p - 23 = 5*d + 2. Let o be d/(-8) + 9/72. Calculate the greatest common factor of o and a.
1
Suppose 46 - 14 = 16*q. Suppose q*r - 23 = 29. Suppose 4*f - 4*i - 31 = -7*i, -r = -4*f - 2*i. Calculate the highest common divisor of 1 and f.
1
Suppose 3*b = 234 - 3744. Let v be b/(-126) + (-2)/7. Let y be 1*(0 + v + -1). Calculate the greatest common factor of 40 and y.
8
Suppose -45 = -4*l - x + 326, -5*l - 2*x + 460 = 0. Calculate the highest common divisor of l and 8.
2
Let f(n) = -n**3 - 2*n**2 + 16*n + 2. Let y be f(-7). Let a(z) = 2*z**2 - 11*z - 9. Let w be a(9). Calculate the highest common divisor of w and y.
27
Suppose -26*m + 418 = -24*m - b, -b = 3*m - 647. Let l(h) = 17*h**2 + 2*h - 1. Let s be l(2). Calculate the greatest common divisor of s and m.
71
Let g(p) = -2*p + 36. Let w be g(16). Suppose 0 = 4*b - 3*b - 32. Calculate the highest common divisor of b and w.
4
Let f be -46*3/(-6)*-1. Let k be f + 60 + 8/((-4)/2). Calculate the highest common factor of k and 9.
3
Suppose 5*w + g - 775 = 0, 2*w - 472 = -w - 2*g. Let t = -12489 - -12531. Calculate the highest common factor of w and t.
14
Let r(s) = s**3 + 4*s**2 - s - 5. Let m be r(-2). Suppose 2*b - 295 = 3*k, m*b + 3*k - 700 = -2*k. What is the highest common divisor of b and 26?
13
Let d(f) = -f**3 - 2*f**2 + 4*f + 1. Let u be d(-3). Let y be 38 + (-2)/(u/(-3)). Let w be 6/(-21) + 290/y. Calculate the greatest common divisor of w and 32.
8
Let p = -9 + 14. Let n be (16/(-24))/(6/3843). Let l = 467 + n. Calculate the highest common factor of l and p.
5
Let b(x) = x**2 - 12*x - 12. Let g be (0 - (-16 - 0)) + -1. Let p be b(g). Suppose p + 107 = 10*q. Calculate the highest common factor of q and 42.
14
Let c be (-5)/2*(16 + -2). Let y be c/(-15)*20 + 4/(-6). Let q = y + -20. Calculate the greatest common factor of 91 and q.
13
Suppose 0 = 88*u - 97605 - 25683. Calculate the highest common divisor of u and 3.
3
Let j be (0 - -1)/1 + 14/(-2). Let l(r) = -4*r + 8. Let u be l(j). Let i = 62 - u. What is the highest common divisor of i and 120?
30
Suppose 72*t - 12608 = -101*t + 5384. Calculate the greatest common divisor of 136 and t.
8
Let h be -17 + 1/(-12)*-7404. What is the greatest common factor of 140 and h?
20
Let s = 5993 + -4250. Suppose 4*d = 2*i - 24, -i + 2*i - 16 = 3*d. Let w be s/105 + i/10. Calculate the greatest common divisor of 17 and w.
17
Let o = 3583 + -3573. Calculate the highest common factor of 795 and o.
5
Let z(h) = 14*h**2 + 4*h. Let x(d) = d**3 - 5*d**2 + 4*d - 1. Let m be x(4). Let f be z(m). What is the highest common factor of 40 and f?
10
Let f be 1680/(-448)*(-56)/6. Calculate the highest common divisor of f and 315.
35
Let a = 1725 + -1673. What is the highest common factor of 3328 and a?
52
Suppose 2*t - 235 = -43. Let r = -143399 + 143411. What is the greatest common divisor of t and r?
12
Suppose 8*v - 252 = -v. Suppose 0 = -4*w + 5*k + v, 2*w + 3*w = -k + 64. Let t = 2 - -10. Calculate the highest common divisor of w and t.
12
Suppose -291*l + 67111 = 61*l + 15719. Calculate the highest common factor of l and 1825.
73
Let n(w) = 29*w + 478. Let i be n(5). What is the highest common factor of i and 14?
7
Let l = -1602 + 2989. What is the greatest common divisor of 665 and l?
19
Let d(p) = 397*p - 8. Let l be d(4). Suppose -3*n - a + 1540 = 4*a, -5*a - l = -3*n. Suppose 2*q = 15*q - n. What is the greatest common factor of 16 and q?
8
Let o(f) = -1841*f + 15506. Let g be o(7). Calculate the highest common factor of g and 3.
3
Let f(z) = -5*z - 18. Let d be f(-4). Let g(w) = 13*w + 4 + 2*w - w**3 + 7*w**d - 18*w. Let x be g(5). Calculate the highest common factor of x and 39.
39
Suppose -54*w = -0*w + 3*w - 9234. Let r = 187 + -97. What is the greatest common divisor of r and w?
18
Suppose 3*k + 0*k = -12, -5 = t + 2*k. Suppose -4*n + 4*z = -388, n + t*z + 41 - 134 = 0. What is the greatest common divisor of 336 and n?
48
Suppose g = 3*j + 26, -14*g = -12*g - 5*j - 50. What is the greatest common factor of 115 and g?
5
Suppose -5*p - 13*p + 1674 = -0*p. Calculate the greatest common divisor of 1891 and p.
31
Let p(r) = r**2 + 3*r - 62. Let b be p(-21). Suppose 13*c - 1174 + b = 0. What is the highest common factor of c and 242?
22
Let b(i) = -i**2 + 6*i - 8. Let g be b(4). Suppose g = 52*a - 47*a - 55. What is the highest common factor of 1 and a?
1
Let m = -206 - -224. Suppose m*q = 20*q - 136. Suppose -10 = 2*j, 5*w - 12 = 4*j + 93. Calculate the highest common factor of q and w.
17
Let n be ((-152)/6 + 2)/(4/(-6)). Suppose 5*a + 5*h - 3*h - 101 = 0, -h = 4*a - 82. What is the greatest common factor of n and a?
7
Suppose 0 = 3*w + w. Let o = w + 19. Suppose o - 3 = 4*v. What is the highest common factor of 2 and v?
2
Let o(x) = -2*x**3 - 194*x**2 + 195*x - 81. Let a be o(-98). What is the greatest common factor of a and 10217?
17
Let u(b) = -2*b**2 - 42*b + 64. Let k be u(-23). Let r be (6 + k/7)/(2/375). What is the greatest common factor of r and 25?
25
Suppose -5*q - 5*a = 15, 0 = 5*a - 0*a. Let v be (255/(-10))/(q/6). What is the greatest common divisor of v and 119?
17
Suppose 18716 = 4*j + 2*w, 0 = -28*j + 27*j + 5*w + 4646. What is the greatest common divisor of j and 196?
28
Suppose -21*y - 6572 - 5041 = 0. Let d = 613 + y. Calculate the highest common divisor of d and 285.
15
Suppose 0 = 101*f - 109*f + 34776. Calculate the highest common divisor of 69 and f.
69
Let x = -25 - -1. Let m = x + 26. Suppose m*j - 4*y = 28, 0*y - 4*y - 18 = -j. Calculate the greatest common divisor of 50 and j.
10
Suppose 5*c - 8461 = -5*w + 11749, 0 = -c - 5*w + 4050. What is the greatest common factor of c and 80?
40
Suppose 0 = -13*r + 36*r + 36 - 128. Let k = 4 - 4. Let j = k - -1. Calculate the highest common divisor of r and j.
1
Suppose -12*r + 756 = -3*r. Let m(h) = -h**2 + 4*h + 12. Let u be m(10). Let w = r + u. What is the greatest common factor of 60 and w?
12
Let i be 46/(-69) - 1/((-6)/(-62)). Let s be 8/44 + (0 - 2517/i). Let q = -53 + s. Calculate the greatest common factor of q and 16.
16
Let j(g) = g**3 - 2*g**2 + 3*g + 38. Let s be j(0). Suppose 0 = i - 3*w + 5*w + 6, 3*i - 2*w = 14. What is the highest common divisor of s and i?
2
Suppose -7 = y + 2*a + 12, 3*y - 5*a + 13 = 0. Let f be (1 - 0)*(13 + y). Suppose -102 - f = -13*u. Calculate the greatest common divisor of u and 6.
2
Suppose -3*v + 354 = 4*j, 1659*j + 2*v + 324 = 1663*j. Calculate the highest common factor of 1596 and j.
84
Suppose 3*o + 12 = 54. Let w(s) = s**3 - 4*s**2 + s + 3. Suppose 30 - 10 = 5*j. Let d be w(j). What is the highest common divisor of d and o?
7
Let d be 12*((-7557)/198 + 40). Let s(a) = -31*a**3 - 2*a**2 - 2*a - 2. Let u be s(-2). What is the greatest common divisor of u and d?
22
Let r(m) = -m**3 - 57*m**2 - 97*m + 43. Let l be r(-60). What is the greatest common divisor of 57 and l?
19
Let c = 3008 + -2823. Let l(b) = b**3 - 6*b**2 + b - 1. Let j be l(6). What is the highest common factor of j and c?
5
Let j be 3 - 0 - (-1 + -1)/1. Suppose 6*z = j*z. Suppose z*k + 6*k - 138 = 0. Calculate the greatest common factor of 23 and k.
23
Suppose -11*q - 14*q + 3705 = -11070. Calculate the highest common factor of 9 and q.
3
Suppose f - 81 + 922 = 3*c, 4*c + 4*f = 1148. Let t = c + -230. Let a be (-6)/(-27) - (-1168)/9. Calculate the highest common factor of a and t.
26
Suppose -4*n + 2*n = -2. Let q be 1 - (-209 + 0 + n). Let o be (-57)/(7 + -1 + -9). What is the greatest common divisor of q and o?
19
Let u = -42 - -42. Let a(m) = 9*m + 62. Let r be a(u). Suppose 3*y + 17 - r = 0. Calculate the highest common divisor of 45 and y.
15
Suppose -1 = -z, 3*y + 5 = 5*y + 5*z. Suppose -2*w - 26*w + 10584 = y. Calculate the greatest common factor of w and 54.
54
Suppose 3680 = 65*a + 119*a. Calculate the greatest common factor of 185 and a.
5
Suppose -2*l + 2*r = -44, -8*l = -4*l - 3*r - 84. Suppose 14 = -2*m + l. Suppose -m*z = 11*z - 858. What is the highest common divisor of z and 6?
6
Let w = 254 + -195. Suppose -w*p + 62*p - 1173 = 0. Calculate the greatest common factor of 23 and p.
23
Let v be (-216)/(-63) + -4 + (-2112)/(-21).